hat is the highest common factor of 564 and 24?
12
Calculate the highest common factor of 345 and 161.
23
What is the highest common divisor of 966 and 621?
69
What is the highest common factor of 9 and 48?
3
Calculate the greatest common factor of 260 and 1170.
130
Calculate the greatest common divisor of 145 and 58.
29
Calculate the greatest common divisor of 7 and 63.
7
What is the highest common divisor of 114 and 1083?
57
Calculate the greatest common divisor of 11 and 9097.
11
What is the greatest common factor of 2187 and 297?
27
Calculate the greatest common factor of 1088 and 224.
32
What is the greatest common divisor of 4 and 1588?
4
Calculate the greatest common factor of 9417 and 645.
129
What is the highest common factor of 49 and 56?
7
What is the highest common divisor of 3555 and 225?
45
What is the highest common divisor of 32 and 13?
1
Calculate the highest common divisor of 15 and 1185.
15
What is the highest common divisor of 20538 and 210?
42
Calculate the greatest common divisor of 15 and 7935.
15
What is the greatest common divisor of 33 and 22?
11
What is the highest common factor of 136 and 1870?
34
What is the greatest common factor of 91 and 52?
13
Calculate the highest common divisor of 187 and 748.
187
What is the highest common divisor of 53 and 17?
1
Calculate the highest common factor of 7657 and 248.
31
What is the greatest common divisor of 48 and 324?
12
What is the highest common divisor of 29040 and 96?
48
Calculate the highest common divisor of 11902 and 22.
22
What is the highest common divisor of 160 and 4000?
160
What is the highest common divisor of 8785 and 245?
35
What is the greatest common factor of 36 and 1356?
12
What is the highest common factor of 144 and 882?
18
Calculate the highest common factor of 42 and 12.
6
Calculate the greatest common factor of 24 and 120.
24
Calculate the highest common factor of 51 and 867.
51
Calculate the greatest common divisor of 17756 and 92.
92
Calculate the highest common factor of 7 and 1967.
7
What is the greatest common divisor of 3200 and 240?
80
Calculate the highest common divisor of 1505 and 805.
35
Calculate the greatest common divisor of 52 and 676.
52
What is the greatest common divisor of 16 and 2776?
8
Calculate the greatest common divisor of 280 and 133.
7
Calculate the greatest common factor of 584 and 73.
73
What is the greatest common divisor of 208 and 520?
104
What is the highest common factor of 24 and 296?
8
Calculate the greatest common factor of 6810 and 30.
30
Calculate the greatest common divisor of 120 and 24.
24
What is the greatest common factor of 60 and 4020?
60
What is the greatest common divisor of 10 and 490?
10
What is the greatest common divisor of 3405 and 15?
15
Calculate the greatest common divisor of 25762 and 33.
11
What is the highest common factor of 8 and 116?
4
What is the greatest common factor of 192 and 300?
12
What is the highest common factor of 7453 and 29?
29
What is the highest common factor of 42 and 28?
14
Calculate the highest common factor of 918 and 54.
54
What is the greatest common factor of 1 and 79?
1
What is the highest common factor of 196 and 539?
49
What is the highest common factor of 13 and 351?
13
What is the highest common divisor of 14 and 7?
7
What is the highest common factor of 130 and 234?
26
Calculate the greatest common divisor of 2220 and 60.
60
What is the highest common divisor of 175 and 56?
7
Calculate the greatest common divisor of 99 and 330.
33
Calculate the greatest common factor of 24 and 9654.
6
Calculate the highest common divisor of 2541 and 88.
11
Calculate the highest common divisor of 45 and 2115.
45
Calculate the highest common factor of 31 and 713.
31
What is the highest common factor of 35 and 28?
7
Calculate the greatest common factor of 44 and 44.
44
Calculate the highest common divisor of 49 and 16219.
49
What is the greatest common divisor of 25 and 3?
1
What is the highest common divisor of 95 and 760?
95
What is the highest common factor of 1634 and 38?
38
Calculate the greatest common factor of 33 and 24.
3
What is the highest common factor of 8925 and 51?
51
What is the highest common divisor of 180 and 140?
20
Calculate the highest common factor of 29 and 87.
29
What is the greatest common divisor of 80 and 560?
80
What is the highest common divisor of 6023 and 951?
317
Calculate the greatest common factor of 12 and 4764.
12
Calculate the highest common factor of 44 and 33.
11
What is the highest common factor of 1649 and 17?
17
What is the highest common factor of 216 and 3?
3
What is the greatest common divisor of 42 and 672?
42
What is the highest common factor of 1484 and 812?
28
What is the highest common factor of 98 and 140?
14
What is the highest common divisor of 781 and 5041?
71
Calculate the highest common factor of 100 and 1175.
25
What is the highest common factor of 152 and 72?
8
What is the highest common divisor of 88 and 814?
22
Calculate the greatest common factor of 63 and 14.
7
Calculate the greatest common divisor of 152 and 648.
8
Calculate the greatest common factor of 1320 and 4125.
165
What is the greatest common factor of 2320 and 240?
80
What is the greatest common factor of 9252 and 60?
12
Calculate the highest common divisor of 25 and 100.
25
Calculate the greatest common factor of 180 and 45.
45
Calculate the highest common factor of 91 and 567.
7
What is the greatest common divisor of 2 and 16526?
2
Calculate the greatest common divisor of 90 and 450.
90
What is the highest common factor of 162 and 12?
6
What is the greatest common factor of 1 and 32?
1
Calculate the highest common divisor of 12 and 6258.
6
Calculate the greatest common factor of 3724 and 28.
28
What is the greatest common factor of 580 and 180?
20
Calculate the greatest common factor of 2822 and 170.
34
Calculate the greatest common factor of 1426 and 124.
62
What is the greatest common factor of 193 and 19300?
193
Calculate the greatest common factor of 3 and 69.
3
Calculate the highest common factor of 13936 and 603.
67
Calculate the highest common factor of 30820 and 804.
268
Calculate the highest common factor of 290 and 174.
58
Calculate the highest common divisor of 30 and 9.
3
What is the highest common factor of 255 and 48?
3
Calculate the greatest common factor of 84 and 6804.
84
Calculate the greatest common divisor of 1 and 1384.
1
What is the highest common divisor of 475 and 25?
25
Calculate the highest common divisor of 85 and 17.
17
What is the highest common factor of 264 and 30536?
88
Calculate the highest common divisor of 231 and 627.
33
Calculate the greatest common factor of 488 and 144.
8
What is the highest common divisor of 61 and 244?
61
Calculate the highest common factor of 55 and 3806.
11
What is the greatest common divisor of 324 and 84?
12
What is the greatest common factor of 63 and 378?
63
Calculate the highest common factor of 1320 and 48.
24
What is the highest common factor of 80 and 30?
10
Calculate the highest common divisor of 91 and 147.
7
What is the highest common divisor of 10275 and 225?
75
What is the greatest common divisor of 897 and 117?
39
What is the highest common factor of 54 and 17586?
18
What is the greatest common divisor of 45 and 40?
5
Calculate the highest common divisor of 16 and 38672.
16
What is the highest common factor of 874 and 46?
46
What is the highest common divisor of 28 and 4?
4
What is the highest common factor of 8626 and 570?
38
Calculate the greatest common divisor of 37 and 3848.
37
What is the highest common factor of 302 and 58?
2
Calculate the highest common divisor of 1720 and 40.
40
What is the highest common factor of 592 and 32?
16
Calculate the highest common factor of 64 and 3152.
16
What is the highest common factor of 589 and 57?
19
What is the greatest common factor of 92 and 328?
4
Calculate the greatest common divisor of 444 and 3034.
74
What is the greatest common factor of 18 and 3951?
9
What is the greatest common divisor of 35233 and 11?
11
Calculate the highest common factor of 28 and 238.
14
Calculate the highest common divisor of 561 and 55.
11
Calculate the greatest common factor of 267 and 110004.
267
Calculate the highest common factor of 5056 and 64.
64
What